{"id":111,"date":"2025-03-04T10:53:34","date_gmt":"2025-03-04T10:53:34","guid":{"rendered":"https:\/\/ptsm-mossbauer.us.edu.pl\/?page_id=111"},"modified":"2026-03-25T16:04:37","modified_gmt":"2026-03-25T16:04:37","slug":"deklaracja-dostepnosci","status":"publish","type":"page","link":"https:\/\/ptsm-mossbauer.us.edu.pl\/index.php\/deklaracja-dostepnosci\/","title":{"rendered":"Deklaracja dost\u0119pno\u015bci"},"content":{"rendered":"\n<p id=\"a11y-wstep\">Uniwersytet \u015al\u0105ski&nbsp;w Katowicach zobowi\u0105zuje si\u0119 zapewni\u0107 dost\u0119pno\u015b\u0107 swojej strony internetowej zgodnie z przepisami ustawy z dnia 4 kwietnia 2019 r. o dost\u0119pno\u015bci cyfrowej stron internetowych i aplikacji mobilnych podmiot\u00f3w publicznych. O\u015bwiadczenie w sprawie dost\u0119pno\u015bci ma zastosowanie do<br><a href=\"https:\/\/ptsm-mossbauer.us.edu.pl\/\" target=\"_blank\" rel=\"noreferrer noopener\">strony internetowej Polskiego Towarzystwa Spektroskopii M\u00f6ssbauerowskiej<\/a>.<\/p>\n\n\n\n<p>Data publikacji strony internetowej:&nbsp;2023-07-20.<br>Data ostatniej istotnej aktualizacji:&nbsp;2024-09-17.<\/p>\n\n\n\n<p>Strona internetowa jest&nbsp;cz\u0119\u015bciowo zgodna&nbsp;z ustaw\u0105 z dnia 4 kwietnia 2019 r. o dost\u0119pno\u015bci cyfrowej stron internetowych i aplikacji mobilnych podmiot\u00f3w publicznych, poniewa\u017c:<\/p>\n\n\n\n<ul class=\"wp-block-list\">\n<li>niekt\u00f3re elementy graficzne nios\u0105 ze sob\u0105 tre\u015b\u0107, kt\u00f3ra mog\u0142a zosta\u0107 nieprecyzyjnie opisana w opisie alternatywnych,<\/li>\n\n\n\n<li>na niekt\u00f3rych podstronach mo\u017ce pojawi\u0107 brak konsekwencji w strukturze nag\u0142\u00f3wk\u00f3w,<\/li>\n\n\n\n<li>na stronie internetowej mo\u017cna znale\u017a\u0107 linki bez opisu celu \u0142\u0105cza,<\/li>\n\n\n\n<li>na stronie internetowej mog\u0105 znale\u017a\u0107 si\u0119 pliki z nieodpowiedni\u0105 deklaracj\u0105 j\u0119zykow\u0105, nieoznaczonymi tagami i metadanymi,<\/li>\n\n\n\n<li>na stronie internetowej mog\u0105 pojawi\u0107 si\u0119 b\u0142\u0119dy w kodzie.<\/li>\n<\/ul>\n\n\n\n<p>O\u015bwiadczenie sporz\u0105dzono dnia:\u00a02026-03-25.<br>Deklaracj\u0119 sporz\u0105dzono na podstawie samooceny przeprowadzonej przez podmiot publiczny.<\/p>\n\n\n\n<p>Na stronie internetowej mo\u017cna korzysta\u0107 ze standardowych skr\u00f3t\u00f3w klawiaturowych.<\/p>\n\n\n\n<h3 class=\"wp-block-heading\" id=\"a11y-kontakt\">Informacje zwrotne i dane kontaktowe<\/h3>\n\n\n\n<p>W przypadku problem\u00f3w z dost\u0119pno\u015bci\u0105 strony internetowej prosimy o kontakt z administratorem strony:&nbsp;<a href=\"mailto:jacek.krawczyk@us.edu.pl\" target=\"_blank\" rel=\"noreferrer noopener\">jacek.krawczyk@us.edu.pl<\/a>. Kontaktowa\u0107 mo\u017cna si\u0119 tak\u017ce, dzwoni\u0105c na numer telefonu&nbsp;32 349 7537. T\u0105 sam\u0105 drog\u0105 mo\u017cna sk\u0142ada\u0107 wnioski o udost\u0119pnienie informacji niedost\u0119pnej oraz sk\u0142ada\u0107 skargi na brak zapewnienia dost\u0119pno\u015bci.<\/p>\n\n\n\n<p>Ka\u017cdy ma prawo do wyst\u0105pienia z \u017c\u0105daniem zapewnienia dost\u0119pno\u015bci cyfrowej strony internetowej, aplikacji mobilnej lub jakiego\u015b ich elementu. Mo\u017cna tak\u017ce za\u017c\u0105da\u0107 udost\u0119pnienia informacji za pomoc\u0105 alternatywnego sposobu dost\u0119pu, na przyk\u0142ad przez odczytanie niedost\u0119pnego cyfrowo dokumentu, opisanie zawarto\u015bci filmu bez audiodeskrypcji itp. \u017b\u0105danie powinno zawiera\u0107 dane osoby zg\u0142aszaj\u0105cej \u017c\u0105danie, wskazanie, o kt\u00f3r\u0105 stron\u0119 internetow\u0105 lub aplikacj\u0119 mobiln\u0105 chodzi oraz spos\u00f3b kontaktu.<\/p>\n\n\n\n<p id=\"a11y-procedura\">Je\u017celi osoba \u017c\u0105daj\u0105ca zg\u0142asza potrzeb\u0119 otrzymania informacji za pomoc\u0105 alternatywnego sposobu dost\u0119pu, powinna tak\u017ce okre\u015bli\u0107 dogodny dla niej spos\u00f3b przedstawienia tej informacji. Podmiot publiczny powinien zrealizowa\u0107 \u017c\u0105danie niezw\u0142ocznie, nie p\u00f3\u017aniej ni\u017c w ci\u0105gu 7 dni od dnia wyst\u0105pienia z \u017c\u0105daniem. Je\u017celi dotrzymanie tego terminu nie jest mo\u017cliwe, podmiot publiczny niezw\u0142ocznie informuje o tym wnosz\u0105cego \u017c\u0105danie, kiedy realizacja \u017c\u0105dania b\u0119dzie mo\u017cliwa, przy czym termin ten nie mo\u017ce by\u0107 d\u0142u\u017cszy ni\u017c 2 miesi\u0105ce od dnia wyst\u0105pienia z \u017c\u0105daniem. Je\u015bli zapewnienie dost\u0119pno\u015bci cyfrowej nie jest mo\u017cliwe, podmiot publiczny mo\u017ce zaproponowa\u0107 alternatywny spos\u00f3b dost\u0119pu do informacji. W przypadku, gdy podmiot publiczny odm\u00f3wi realizacji \u017c\u0105dania zapewnienia dost\u0119pno\u015bci lub alternatywnego sposobu dost\u0119pu do informacji, wnosz\u0105cy \u017c\u0105danie mo\u017ce z\u0142o\u017cy\u0107 skarg\u0119 w sprawie zapewniana dost\u0119pno\u015bci cyfrowej strony internetowej, aplikacji mobilnej lub elementu strony internetowej, lub aplikacji mobilnej. Po wyczerpaniu wskazanej wy\u017cej procedury mo\u017cna tak\u017ce z\u0142o\u017cy\u0107 wniosek do&nbsp;<a href=\"https:\/\/bip.brpo.gov.pl\/pl\/content\/zlozenie-wniosku-do-rzecznika-praw-obywatelskich\">Rzecznika Praw Obywatelskich<\/a>.<\/p>\n\n\n\n<h3 class=\"wp-block-heading\" id=\"a11y-architektura\">Dost\u0119pno\u015b\u0107 architektoniczna w lokalizacji Zarz\u0105du PTSM<\/h3>\n\n\n\n<h5 class=\"wp-block-heading\">Chorz\u00f3w<\/h5>\n\n\n\n<h5 class=\"wp-block-heading\"><a href=\"https:\/\/us.edu.pl\/deklaracja-dostepnosci\/dostepnosc-architektoniczna-chorzow-ul-75-pulku-piechoty-1a\/\">ul. 75 Pu\u0142ku Piechoty 1a&nbsp;<\/a><\/h5>\n\n\n\n<h5 class=\"wp-block-heading\">Wst\u0119p z psem asystuj\u0105cym<\/h5>\n\n\n\n<p>Informujemy, \u017ce na teren ka\u017cdego budynku Uniwersytetu \u015al\u0105skiego mo\u017cna wej\u015b\u0107 z psem asystuj\u0105cym oraz psem przewodnikiem.<\/p>\n\n\n\n<p><\/p>\n","protected":false},"excerpt":{"rendered":"<p>Uniwersytet \u015al\u0105ski&nbsp;w Katowicach zobowi\u0105zuje si\u0119 zapewni\u0107 dost\u0119pno\u015b\u0107 swojej strony internetowej zgodnie z przepisami ustawy z dnia 4 kwietnia 2019 r. o dost\u0119pno\u015bci cyfrowej stron internetowych i aplikacji mobilnych podmiot\u00f3w publicznych. O\u015bwiadczenie w sprawie dost\u0119pno\u015bci ma zastosowanie dostrony internetowej Polskiego Towarzystwa Spektroskopii M\u00f6ssbauerowskiej. Data publikacji strony internetowej:&nbsp;2023-07-20.Data ostatniej istotnej aktualizacji:&nbsp;2024-09-17. Strona internetowa jest&nbsp;cz\u0119\u015bciowo zgodna&nbsp;z ustaw\u0105 z [&hellip;]<\/p>\n","protected":false},"author":1,"featured_media":0,"parent":0,"menu_order":0,"comment_status":"closed","ping_status":"closed","template":"","meta":{"site-sidebar-layout":"default","site-content-layout":"","ast-site-content-layout":"default","site-content-style":"default","site-sidebar-style":"default","ast-global-header-display":"","ast-banner-title-visibility":"","ast-main-header-display":"","ast-hfb-above-header-display":"","ast-hfb-below-header-display":"","ast-hfb-mobile-header-display":"","site-post-title":"","ast-breadcrumbs-content":"","ast-featured-img":"","footer-sml-layout":"","ast-disable-related-posts":"","theme-transparent-header-meta":"","adv-header-id-meta":"","stick-header-meta":"","header-above-stick-meta":"","header-main-stick-meta":"","header-below-stick-meta":"","astra-migrate-meta-layouts":"set","ast-page-background-enabled":"default","ast-page-background-meta":{"desktop":{"background-color":"var(--ast-global-color-4)","background-image":"","background-repeat":"repeat","background-position":"center center","background-size":"auto","background-attachment":"scroll","background-type":"","background-media":"","overlay-type":"","overlay-color":"","overlay-opacity":"","overlay-gradient":""},"tablet":{"background-color":"","background-image":"","background-repeat":"repeat","background-position":"center center","background-size":"auto","background-attachment":"scroll","background-type":"","background-media":"","overlay-type":"","overlay-color":"","overlay-opacity":"","overlay-gradient":""},"mobile":{"background-color":"","background-image":"","background-repeat":"repeat","background-position":"center center","background-size":"auto","background-attachment":"scroll","background-type":"","background-media":"","overlay-type":"","overlay-color":"","overlay-opacity":"","overlay-gradient":""}},"ast-content-background-meta":{"desktop":{"background-color":"var(--ast-global-color-5)","background-image":"","background-repeat":"repeat","background-position":"center center","background-size":"auto","background-attachment":"scroll","background-type":"","background-media":"","overlay-type":"","overlay-color":"","overlay-opacity":"","overlay-gradient":""},"tablet":{"background-color":"var(--ast-global-color-5)","background-image":"","background-repeat":"repeat","background-position":"center center","background-size":"auto","background-attachment":"scroll","background-type":"","background-media":"","overlay-type":"","overlay-color":"","overlay-opacity":"","overlay-gradient":""},"mobile":{"background-color":"var(--ast-global-color-5)","background-image":"","background-repeat":"repeat","background-position":"center center","background-size":"auto","background-attachment":"scroll","background-type":"","background-media":"","overlay-type":"","overlay-color":"","overlay-opacity":"","overlay-gradient":""}},"footnotes":""},"class_list":["post-111","page","type-page","status-publish","hentry"],"_links":{"self":[{"href":"https:\/\/ptsm-mossbauer.us.edu.pl\/index.php\/wp-json\/wp\/v2\/pages\/111","targetHints":{"allow":["GET"]}}],"collection":[{"href":"https:\/\/ptsm-mossbauer.us.edu.pl\/index.php\/wp-json\/wp\/v2\/pages"}],"about":[{"href":"https:\/\/ptsm-mossbauer.us.edu.pl\/index.php\/wp-json\/wp\/v2\/types\/page"}],"author":[{"embeddable":true,"href":"https:\/\/ptsm-mossbauer.us.edu.pl\/index.php\/wp-json\/wp\/v2\/users\/1"}],"replies":[{"embeddable":true,"href":"https:\/\/ptsm-mossbauer.us.edu.pl\/index.php\/wp-json\/wp\/v2\/comments?post=111"}],"version-history":[{"count":3,"href":"https:\/\/ptsm-mossbauer.us.edu.pl\/index.php\/wp-json\/wp\/v2\/pages\/111\/revisions"}],"predecessor-version":[{"id":116,"href":"https:\/\/ptsm-mossbauer.us.edu.pl\/index.php\/wp-json\/wp\/v2\/pages\/111\/revisions\/116"}],"wp:attachment":[{"href":"https:\/\/ptsm-mossbauer.us.edu.pl\/index.php\/wp-json\/wp\/v2\/media?parent=111"}],"curies":[{"name":"wp","href":"https:\/\/api.w.org\/{rel}","templated":true}]}}