{"id":2,"date":"2023-07-19T16:06:27","date_gmt":"2023-07-19T16:06:27","guid":{"rendered":"https:\/\/ptsm-mossbauer.us.edu.pl\/?page_id=2"},"modified":"2023-07-20T09:03:14","modified_gmt":"2023-07-20T09:03:14","slug":"main-page","status":"publish","type":"page","link":"https:\/\/ptsm-mossbauer.us.edu.pl\/","title":{"rendered":"Strona g\u0142\u00f3wna"},"content":{"rendered":"\n<div style=\"height:45px\" aria-hidden=\"true\" class=\"wp-block-spacer\"><\/div>\n\n\n\n<h2 class=\"wp-block-heading\">Witamy na stronie Polskiego Towarzystwa Spektroskopii M\u00f6ssbauerowskiej<\/h2>\n\n\n\n<div style=\"height:26px\" aria-hidden=\"true\" class=\"wp-block-spacer\"><\/div>\n\n\n<p><strong><em>Szanowni Pa\u0144stwo,<\/em><\/strong><\/p>\n<p align=\"JUSTIFY\">Celem jaki przy\u015bwieca\u0142 za\u0142o\u017ceniu pierwszego w Polsce Towarzystwa<br \/>zrzeszaj\u0105cego naukowc\u00f3w zwi\u0105zanych z spektroskopi\u0105 m\u00f6ssbauerowsk\u0105<br \/>by\u0142o wspieranie i rozwijanie dzia\u0142alno\u015bci naukowej, technicznej i dydaktycznej jego Cz\u0142onk\u00f3w.<\/p>\n<p align=\"JUSTIFY\">Wspieranie bada\u0144 podstawowych i stosowanych z wykorzystaniem metody spektroskopii m\u00f6ssbauerowskiej<br \/>oraz popularyzacja zastosowa\u0144 spektroskopii m\u00f6ssbauerowskiej w innych \u015brodowiskach badawczych.<\/p>\n<p align=\"JUSTIFY\"><strong>Towarzystwo b\u0119dzie mog\u0142o zaistnie\u0107 jedynie przy Pa\u0144stwa zaanga\u017cowaniu<br \/><\/strong><strong>i ch\u0119ci dzielenia si\u0119 przemy\u015bleniami i wynikami bada\u0144.<\/strong><\/p>\n<p align=\"JUSTIFY\">Zapraszamy\u00a0do \u015bledzenia informacji na naszej stronie internetowej i do jej wsp\u00f3\u0142tworzenia.<\/p>\n<p align=\"JUSTIFY\">Zach\u0119camy Pa\u0144stwa do aktywnej dzia\u0142alno\u015bci w Polskim Towarzystwie Spektroskopii M\u00f6ssbauerowskiej,<br \/>nie tylko poprzez wst\u0105pienie w jego szeregi, ale tak\u017ce przez aktywne tworzenie publikowanych tre\u015bci.<\/p>\n\n\n<hr class=\"wp-block-separator has-alpha-channel-opacity\"\/>\n","protected":false},"excerpt":{"rendered":"<p>Witamy na stronie Polskiego Towarzystwa Spektroskopii M\u00f6ssbauerowskiej Szanowni Pa\u0144stwo, Celem jaki przy\u015bwieca\u0142 za\u0142o\u017ceniu pierwszego w Polsce Towarzystwazrzeszaj\u0105cego naukowc\u00f3w zwi\u0105zanych z spektroskopi\u0105 m\u00f6ssbauerowsk\u0105by\u0142o wspieranie i rozwijanie dzia\u0142alno\u015bci naukowej, technicznej i dydaktycznej jego Cz\u0142onk\u00f3w. Wspieranie bada\u0144 podstawowych i stosowanych z wykorzystaniem metody spektroskopii m\u00f6ssbauerowskiejoraz popularyzacja zastosowa\u0144 spektroskopii m\u00f6ssbauerowskiej w innych \u015brodowiskach badawczych. Towarzystwo b\u0119dzie mog\u0142o zaistnie\u0107 jedynie [&hellip;]<\/p>\n","protected":false},"author":1,"featured_media":0,"parent":0,"menu_order":0,"comment_status":"closed","ping_status":"closed","template":"","meta":{"site-sidebar-layout":"default","site-content-layout":"","ast-site-content-layout":"default","site-content-style":"default","site-sidebar-style":"default","ast-global-header-display":"","ast-banner-title-visibility":"","ast-main-header-display":"","ast-hfb-above-header-display":"","ast-hfb-below-header-display":"","ast-hfb-mobile-header-display":"","site-post-title":"disabled","ast-breadcrumbs-content":"","ast-featured-img":"","footer-sml-layout":"","ast-disable-related-posts":"","theme-transparent-header-meta":"","adv-header-id-meta":"","stick-header-meta":"","header-above-stick-meta":"","header-main-stick-meta":"","header-below-stick-meta":"","astra-migrate-meta-layouts":"default","ast-page-background-enabled":"default","ast-page-background-meta":{"desktop":{"background-color":"var(--ast-global-color-4)","background-image":"","background-repeat":"repeat","background-position":"center center","background-size":"auto","background-attachment":"scroll","background-type":"","background-media":"","overlay-type":"","overlay-color":"","overlay-opacity":"","overlay-gradient":""},"tablet":{"background-color":"","background-image":"","background-repeat":"repeat","background-position":"center center","background-size":"auto","background-attachment":"scroll","background-type":"","background-media":"","overlay-type":"","overlay-color":"","overlay-opacity":"","overlay-gradient":""},"mobile":{"background-color":"","background-image":"","background-repeat":"repeat","background-position":"center center","background-size":"auto","background-attachment":"scroll","background-type":"","background-media":"","overlay-type":"","overlay-color":"","overlay-opacity":"","overlay-gradient":""}},"ast-content-background-meta":{"desktop":{"background-color":"var(--ast-global-color-5)","background-image":"","background-repeat":"repeat","background-position":"center center","background-size":"auto","background-attachment":"scroll","background-type":"","background-media":"","overlay-type":"","overlay-color":"","overlay-opacity":"","overlay-gradient":""},"tablet":{"background-color":"var(--ast-global-color-5)","background-image":"","background-repeat":"repeat","background-position":"center center","background-size":"auto","background-attachment":"scroll","background-type":"","background-media":"","overlay-type":"","overlay-color":"","overlay-opacity":"","overlay-gradient":""},"mobile":{"background-color":"var(--ast-global-color-5)","background-image":"","background-repeat":"repeat","background-position":"center center","background-size":"auto","background-attachment":"scroll","background-type":"","background-media":"","overlay-type":"","overlay-color":"","overlay-opacity":"","overlay-gradient":""}},"footnotes":""},"class_list":["post-2","page","type-page","status-publish","hentry"],"_links":{"self":[{"href":"https:\/\/ptsm-mossbauer.us.edu.pl\/index.php\/wp-json\/wp\/v2\/pages\/2","targetHints":{"allow":["GET"]}}],"collection":[{"href":"https:\/\/ptsm-mossbauer.us.edu.pl\/index.php\/wp-json\/wp\/v2\/pages"}],"about":[{"href":"https:\/\/ptsm-mossbauer.us.edu.pl\/index.php\/wp-json\/wp\/v2\/types\/page"}],"author":[{"embeddable":true,"href":"https:\/\/ptsm-mossbauer.us.edu.pl\/index.php\/wp-json\/wp\/v2\/users\/1"}],"replies":[{"embeddable":true,"href":"https:\/\/ptsm-mossbauer.us.edu.pl\/index.php\/wp-json\/wp\/v2\/comments?post=2"}],"version-history":[{"count":8,"href":"https:\/\/ptsm-mossbauer.us.edu.pl\/index.php\/wp-json\/wp\/v2\/pages\/2\/revisions"}],"predecessor-version":[{"id":74,"href":"https:\/\/ptsm-mossbauer.us.edu.pl\/index.php\/wp-json\/wp\/v2\/pages\/2\/revisions\/74"}],"wp:attachment":[{"href":"https:\/\/ptsm-mossbauer.us.edu.pl\/index.php\/wp-json\/wp\/v2\/media?parent=2"}],"curies":[{"name":"wp","href":"https:\/\/api.w.org\/{rel}","templated":true}]}}