{"id":52,"date":"2023-07-20T08:28:42","date_gmt":"2023-07-20T08:28:42","guid":{"rendered":"https:\/\/ptsm-mossbauer.us.edu.pl\/?page_id=52"},"modified":"2023-07-30T17:18:19","modified_gmt":"2023-07-30T17:18:19","slug":"kontakt","status":"publish","type":"page","link":"https:\/\/ptsm-mossbauer.us.edu.pl\/index.php\/kontakt\/","title":{"rendered":"Kontakt"},"content":{"rendered":"\n<p><strong>Prezes<\/strong><\/p>\n\n\n\n<div class=\"wp-block-columns is-layout-flex wp-container-core-columns-is-layout-28f84493 wp-block-columns-is-layout-flex\">\n<div class=\"wp-block-column is-layout-flow wp-block-column-is-layout-flow\" style=\"flex-basis:100%\">\n<div class=\"wp-block-group is-vertical is-content-justification-left is-layout-flex wp-container-core-group-is-layout-a99cfd2b wp-block-group-is-layout-flex\">\n<p><strong>dr hab. Aneta Hanc-Kuczkowska, prof. U\u015a<\/strong><\/p>\n\n\n\n<p>Uniwersytet \u015al\u0105ski w Katowicach<\/p>\n\n\n\n<p>ul. 75 Pu\u0142ku Piechoty 1a,<br>41-500 Chorz\u00f3w<\/p>\n\n\n\n<p><strong>Adres e-mail&nbsp;<\/strong><\/p>\n\n\n\n<p><a href=\"mailto:aneta.hanc@us.edu.pl\">aneta.hanc@us.edu.pl<\/a><\/p>\n<\/div>\n<\/div>\n<\/div>\n\n\n\n<p><strong>Sekretarz<\/strong><\/p>\n\n\n\n<div class=\"wp-block-group is-layout-constrained wp-block-group-is-layout-constrained\">\n<p><strong>dr hab. Jan Chojcan<\/strong><br>Uniwersytet Wroc\u0142awski<\/p>\n\n\n\n<p>pl. M.Borna 9<br>50-204 Wroc\u0142aw<\/p>\n\n\n\n<p>tel. 071 375-9314<\/p>\n\n\n\n<p><strong>Adres e-mail:<\/strong><\/p>\n\n\n\n<p><a href=\"mailto:chojcan@ifd.uni.wroc.pl\">chojcan@ifd.uni.wroc.pl<\/a><\/p>\n<\/div>\n","protected":false},"excerpt":{"rendered":"<p>Prezes dr hab. Aneta Hanc-Kuczkowska, prof. U\u015a Uniwersytet \u015al\u0105ski w Katowicach ul. 75 Pu\u0142ku Piechoty 1a,41-500 Chorz\u00f3w Adres e-mail&nbsp; aneta.hanc@us.edu.pl Sekretarz dr hab. Jan ChojcanUniwersytet Wroc\u0142awski pl. M.Borna 950-204 Wroc\u0142aw tel. 071 375-9314 Adres e-mail: chojcan@ifd.uni.wroc.pl<\/p>\n","protected":false},"author":1,"featured_media":0,"parent":0,"menu_order":0,"comment_status":"closed","ping_status":"closed","template":"","meta":{"site-sidebar-layout":"default","site-content-layout":"","ast-site-content-layout":"default","site-content-style":"default","site-sidebar-style":"default","ast-global-header-display":"","ast-banner-title-visibility":"","ast-main-header-display":"","ast-hfb-above-header-display":"","ast-hfb-below-header-display":"","ast-hfb-mobile-header-display":"","site-post-title":"","ast-breadcrumbs-content":"","ast-featured-img":"","footer-sml-layout":"","ast-disable-related-posts":"","theme-transparent-header-meta":"","adv-header-id-meta":"","stick-header-meta":"","header-above-stick-meta":"","header-main-stick-meta":"","header-below-stick-meta":"","astra-migrate-meta-layouts":"default","ast-page-background-enabled":"default","ast-page-background-meta":{"desktop":{"background-color":"var(--ast-global-color-4)","background-image":"","background-repeat":"repeat","background-position":"center center","background-size":"auto","background-attachment":"scroll","background-type":"","background-media":"","overlay-type":"","overlay-color":"","overlay-opacity":"","overlay-gradient":""},"tablet":{"background-color":"","background-image":"","background-repeat":"repeat","background-position":"center center","background-size":"auto","background-attachment":"scroll","background-type":"","background-media":"","overlay-type":"","overlay-color":"","overlay-opacity":"","overlay-gradient":""},"mobile":{"background-color":"","background-image":"","background-repeat":"repeat","background-position":"center center","background-size":"auto","background-attachment":"scroll","background-type":"","background-media":"","overlay-type":"","overlay-color":"","overlay-opacity":"","overlay-gradient":""}},"ast-content-background-meta":{"desktop":{"background-color":"var(--ast-global-color-5)","background-image":"","background-repeat":"repeat","background-position":"center center","background-size":"auto","background-attachment":"scroll","background-type":"","background-media":"","overlay-type":"","overlay-color":"","overlay-opacity":"","overlay-gradient":""},"tablet":{"background-color":"var(--ast-global-color-5)","background-image":"","background-repeat":"repeat","background-position":"center center","background-size":"auto","background-attachment":"scroll","background-type":"","background-media":"","overlay-type":"","overlay-color":"","overlay-opacity":"","overlay-gradient":""},"mobile":{"background-color":"var(--ast-global-color-5)","background-image":"","background-repeat":"repeat","background-position":"center center","background-size":"auto","background-attachment":"scroll","background-type":"","background-media":"","overlay-type":"","overlay-color":"","overlay-opacity":"","overlay-gradient":""}},"footnotes":""},"class_list":["post-52","page","type-page","status-publish","hentry"],"_links":{"self":[{"href":"https:\/\/ptsm-mossbauer.us.edu.pl\/index.php\/wp-json\/wp\/v2\/pages\/52","targetHints":{"allow":["GET"]}}],"collection":[{"href":"https:\/\/ptsm-mossbauer.us.edu.pl\/index.php\/wp-json\/wp\/v2\/pages"}],"about":[{"href":"https:\/\/ptsm-mossbauer.us.edu.pl\/index.php\/wp-json\/wp\/v2\/types\/page"}],"author":[{"embeddable":true,"href":"https:\/\/ptsm-mossbauer.us.edu.pl\/index.php\/wp-json\/wp\/v2\/users\/1"}],"replies":[{"embeddable":true,"href":"https:\/\/ptsm-mossbauer.us.edu.pl\/index.php\/wp-json\/wp\/v2\/comments?post=52"}],"version-history":[{"count":5,"href":"https:\/\/ptsm-mossbauer.us.edu.pl\/index.php\/wp-json\/wp\/v2\/pages\/52\/revisions"}],"predecessor-version":[{"id":107,"href":"https:\/\/ptsm-mossbauer.us.edu.pl\/index.php\/wp-json\/wp\/v2\/pages\/52\/revisions\/107"}],"wp:attachment":[{"href":"https:\/\/ptsm-mossbauer.us.edu.pl\/index.php\/wp-json\/wp\/v2\/media?parent=52"}],"curies":[{"name":"wp","href":"https:\/\/api.w.org\/{rel}","templated":true}]}}