{"id":60,"date":"2023-07-20T08:37:50","date_gmt":"2023-07-20T08:37:50","guid":{"rendered":"https:\/\/ptsm-mossbauer.us.edu.pl\/?page_id=60"},"modified":"2025-03-04T10:42:19","modified_gmt":"2025-03-04T10:42:19","slug":"konferencje","status":"publish","type":"page","link":"https:\/\/ptsm-mossbauer.us.edu.pl\/index.php\/konferencje\/","title":{"rendered":"Konferencje"},"content":{"rendered":"\n<p><strong><a href=\"https:\/\/www.ossm2024.us.edu.pl\/\" target=\"_blank\" rel=\"noreferrer noopener\">OSSM-2024<\/a>\u00a0&#8211; Zawiercie<br><\/strong>Uniwersytet \u015al\u0105ski w Katowicach<\/p>\n\n\n\n<p><strong><a href=\"http:\/\/physics.uwb.edu.pl\/wf\/ossm2018\/miejsce\/\" target=\"_blank\" rel=\"noreferrer noopener\">OSSM-2018<\/a>&nbsp;&#8211; Goni\u0105dz&nbsp;<br><\/strong>Uniwersytet w Bia\u0142ymstoku<\/p>\n\n\n\n<p><strong><a href=\"https:\/\/sway.com\/NwDtlohEe51J1VXu\" target=\"_blank\" rel=\"noreferrer noopener\">OSSM-2016<\/a>&nbsp;&#8211;&nbsp;Turno<\/strong><br>Uniwersytet Technologiczno-Humanistyczny w Radomiu&nbsp;<\/p>\n\n\n\n<p><strong><a href=\"http:\/\/www.ossm.ifd.uni.wroc.pl\/\">OSSM-2014&nbsp;<\/a>&#8211; Wroc\u0142aw<\/strong><br>Uniwersytet Wroc\u0142awski<\/p>\n\n\n\n<p><strong><a href=\"http:\/\/www.ossm2012.pollub.pl\/\">OSSM-2012<\/a>&nbsp;&#8211; Lublin<\/strong><br>Uniwersytet Marii Curie-Sk\u0142odowskiej w Lublinie, Politechnika Lubelska<\/p>\n\n\n\n<p><strong>OSSM-2010&nbsp;&#8211; Warszawa<\/strong><br>Politechnika Warszawska<\/p>\n\n\n\n<p><strong><a href=\"http:\/\/www.elektron.ap.krakow.pl\/ossm2008\/\" target=\"_blank\" rel=\"noreferrer noopener\">OSSM-2008<\/a>&nbsp;&#8211; Koninki<\/strong><br>Uniwersytet Pedagogiczny w Krakowie, Akademia G\u00f3rniczo-Hutnicza w Krakowie<\/p>\n\n\n\n<p><strong>OSSM-2006 &#8211;&nbsp;Kosz\u0119cin<\/strong><br>Politechnika Cz\u0119stochowska<\/p>\n\n\n\n<p><strong>OSSM-2004&nbsp;&#8211;&nbsp;Wis\u0142a<\/strong><br>Uniwersytet \u015al\u0105ski w Katowicach<\/p>\n\n\n\n<p><strong>OSSM-2002 &#8211;&nbsp;Goni\u0105dz<\/strong><br>Uniwersytet w Bia\u0142ymstoku<\/p>\n\n\n\n<p><strong>OSSM-2000 &#8211;&nbsp;Radom-Zbo\u017cenna<\/strong><br>Politechnika Radomska<\/p>\n\n\n\n<p><strong>OSSM-1998 &#8211;&nbsp;Sob\u00f3tka-G\u00f3rka<\/strong><br>Instytut Niskich Temperatur i Bada\u0144 Strukturalnych PAN, Uniwersytet Wroc\u0142awski<\/p>\n\n\n\n<p><strong>OSSM-1996 &#8211;&nbsp;Lublin<\/strong><br>Uniwersytet Marii Curie-Sk\u0142odowskiej w Lublinie, Politechnika Lubelska<\/p>\n","protected":false},"excerpt":{"rendered":"<p>OSSM-2024\u00a0&#8211; ZawiercieUniwersytet \u015al\u0105ski w Katowicach OSSM-2018&nbsp;&#8211; Goni\u0105dz&nbsp;Uniwersytet w Bia\u0142ymstoku OSSM-2016&nbsp;&#8211;&nbsp;TurnoUniwersytet Technologiczno-Humanistyczny w Radomiu&nbsp; OSSM-2014&nbsp;&#8211; Wroc\u0142awUniwersytet Wroc\u0142awski OSSM-2012&nbsp;&#8211; LublinUniwersytet Marii Curie-Sk\u0142odowskiej w Lublinie, Politechnika Lubelska OSSM-2010&nbsp;&#8211; WarszawaPolitechnika Warszawska OSSM-2008&nbsp;&#8211; KoninkiUniwersytet Pedagogiczny w Krakowie, Akademia G\u00f3rniczo-Hutnicza w Krakowie OSSM-2006 &#8211;&nbsp;Kosz\u0119cinPolitechnika Cz\u0119stochowska OSSM-2004&nbsp;&#8211;&nbsp;Wis\u0142aUniwersytet \u015al\u0105ski w Katowicach OSSM-2002 &#8211;&nbsp;Goni\u0105dzUniwersytet w Bia\u0142ymstoku OSSM-2000 &#8211;&nbsp;Radom-Zbo\u017cennaPolitechnika Radomska OSSM-1998 &#8211;&nbsp;Sob\u00f3tka-G\u00f3rkaInstytut Niskich Temperatur i [&hellip;]<\/p>\n","protected":false},"author":1,"featured_media":0,"parent":0,"menu_order":0,"comment_status":"closed","ping_status":"closed","template":"","meta":{"site-sidebar-layout":"default","site-content-layout":"","ast-site-content-layout":"default","site-content-style":"default","site-sidebar-style":"default","ast-global-header-display":"","ast-banner-title-visibility":"","ast-main-header-display":"","ast-hfb-above-header-display":"","ast-hfb-below-header-display":"","ast-hfb-mobile-header-display":"","site-post-title":"","ast-breadcrumbs-content":"","ast-featured-img":"","footer-sml-layout":"","ast-disable-related-posts":"","theme-transparent-header-meta":"","adv-header-id-meta":"","stick-header-meta":"","header-above-stick-meta":"","header-main-stick-meta":"","header-below-stick-meta":"","astra-migrate-meta-layouts":"set","ast-page-background-enabled":"default","ast-page-background-meta":{"desktop":{"background-color":"var(--ast-global-color-4)","background-image":"","background-repeat":"repeat","background-position":"center center","background-size":"auto","background-attachment":"scroll","background-type":"","background-media":"","overlay-type":"","overlay-color":"","overlay-opacity":"","overlay-gradient":""},"tablet":{"background-color":"","background-image":"","background-repeat":"repeat","background-position":"center center","background-size":"auto","background-attachment":"scroll","background-type":"","background-media":"","overlay-type":"","overlay-color":"","overlay-opacity":"","overlay-gradient":""},"mobile":{"background-color":"","background-image":"","background-repeat":"repeat","background-position":"center center","background-size":"auto","background-attachment":"scroll","background-type":"","background-media":"","overlay-type":"","overlay-color":"","overlay-opacity":"","overlay-gradient":""}},"ast-content-background-meta":{"desktop":{"background-color":"var(--ast-global-color-5)","background-image":"","background-repeat":"repeat","background-position":"center center","background-size":"auto","background-attachment":"scroll","background-type":"","background-media":"","overlay-type":"","overlay-color":"","overlay-opacity":"","overlay-gradient":""},"tablet":{"background-color":"var(--ast-global-color-5)","background-image":"","background-repeat":"repeat","background-position":"center center","background-size":"auto","background-attachment":"scroll","background-type":"","background-media":"","overlay-type":"","overlay-color":"","overlay-opacity":"","overlay-gradient":""},"mobile":{"background-color":"var(--ast-global-color-5)","background-image":"","background-repeat":"repeat","background-position":"center center","background-size":"auto","background-attachment":"scroll","background-type":"","background-media":"","overlay-type":"","overlay-color":"","overlay-opacity":"","overlay-gradient":""}},"footnotes":""},"class_list":["post-60","page","type-page","status-publish","hentry"],"_links":{"self":[{"href":"https:\/\/ptsm-mossbauer.us.edu.pl\/index.php\/wp-json\/wp\/v2\/pages\/60","targetHints":{"allow":["GET"]}}],"collection":[{"href":"https:\/\/ptsm-mossbauer.us.edu.pl\/index.php\/wp-json\/wp\/v2\/pages"}],"about":[{"href":"https:\/\/ptsm-mossbauer.us.edu.pl\/index.php\/wp-json\/wp\/v2\/types\/page"}],"author":[{"embeddable":true,"href":"https:\/\/ptsm-mossbauer.us.edu.pl\/index.php\/wp-json\/wp\/v2\/users\/1"}],"replies":[{"embeddable":true,"href":"https:\/\/ptsm-mossbauer.us.edu.pl\/index.php\/wp-json\/wp\/v2\/comments?post=60"}],"version-history":[{"count":4,"href":"https:\/\/ptsm-mossbauer.us.edu.pl\/index.php\/wp-json\/wp\/v2\/pages\/60\/revisions"}],"predecessor-version":[{"id":110,"href":"https:\/\/ptsm-mossbauer.us.edu.pl\/index.php\/wp-json\/wp\/v2\/pages\/60\/revisions\/110"}],"wp:attachment":[{"href":"https:\/\/ptsm-mossbauer.us.edu.pl\/index.php\/wp-json\/wp\/v2\/media?parent=60"}],"curies":[{"name":"wp","href":"https:\/\/api.w.org\/{rel}","templated":true}]}}